hat is the remainder when 45530 is divided by 23?
13
Calculate the remainder when 25580 is divided by 6395.
0
Calculate the remainder when 3430 is divided by 173.
143
What is the remainder when 454792 is divided by 32?
8
What is the remainder when 1401 is divided by 238?
211
What is the remainder when 38368 is divided by 19156?
56
What is the remainder when 5048 is divided by 2519?
10
What is the remainder when 18345 is divided by 11?
8
Calculate the remainder when 4887 is divided by 2422.
43
What is the remainder when 1147 is divided by 34?
25
Calculate the remainder when 12685 is divided by 547.
104
Calculate the remainder when 366797 is divided by 20.
17
Calculate the remainder when 33795 is divided by 50.
45
Calculate the remainder when 19942 is divided by 24.
22
Calculate the remainder when 173468 is divided by 159.
158
What is the remainder when 98950 is divided by 124?
122
Calculate the remainder when 26236 is divided by 54.
46
What is the remainder when 1184 is divided by 163?
43
What is the remainder when 2019394 is divided by 35?
34
Calculate the remainder when 12968 is divided by 295.
283
What is the remainder when 12644 is divided by 45?
44
Calculate the remainder when 206282 is divided by 964.
950
What is the remainder when 287854 is divided by 778?
772
Calculate the remainder when 47442 is divided by 59.
6
What is the remainder when 1148905 is divided by 698?
695
Calculate the remainder when 3501 is divided by 173.
41
Calculate the remainder when 140872 is divided by 115.
112
Calculate the remainder when 3058 is divided by 126.
34
Calculate the remainder when 5702 is divided by 122.
90
Calculate the remainder when 18531 is divided by 145.
116
Calculate the remainder when 40196 is divided by 28.
16
Calculate the remainder when 13237 is divided by 4.
1
What is the remainder when 29580 is divided by 740?
720
What is the remainder when 12733 is divided by 364?
357
Calculate the remainder when 44194 is divided by 300.
94
Calculate the remainder when 378 is divided by 214.
164
Calculate the remainder when 1309 is divided by 78.
61
Calculate the remainder when 50219 is divided by 344.
339
What is the remainder when 167554 is divided by 2427?
91
What is the remainder when 15589 is divided by 25?
14
What is the remainder when 5904 is divided by 64?
16
Calculate the remainder when 112653 is divided by 48.
45
What is the remainder when 149929 is divided by 69?
61
What is the remainder when 371528 is divided by 53?
51
Calculate the remainder when 1757703 is divided by 419.
417
Calculate the remainder when 1232949 is divided by 246.
243
What is the remainder when 56578 is divided by 18857?
7
What is the remainder when 246480 is divided by 31?
30
Calculate the remainder when 109468 is divided by 123.
121
What is the remainder when 13057 is divided by 687?
4
Calculate the remainder when 204 is divided by 73.
58
What is the remainder when 439 is divided by 75?
64
What is the remainder when 158045 is divided by 408?
149
What is the remainder when 209724 is divided by 29?
25
Calculate the remainder when 5134 is divided by 291.
187
Calculate the remainder when 755382 is divided by 287.
285
What is the remainder when 235707 is divided by 254?
249
Calculate the remainder when 72974 is divided by 15.
14
What is the remainder when 815769 is divided by 471?
468
Calculate the remainder when 102944 is divided by 1634.
2
What is the remainder when 224159 is divided by 96?
95
Calculate the remainder when 431495 is divided by 24.
23
Calculate the remainder when 989207 is divided by 155.
152
What is the remainder when 10219 is divided by 146?
145
What is the remainder when 148909 is divided by 74450?
9
Calculate the remainder when 205790 is divided by 222.
218
What is the remainder when 4543 is divided by 327?
292
What is the remainder when 201959 is divided by 201950?
9
Calculate the remainder when 14984 is divided by 577.
559
What is the remainder when 98683 is divided by 459?
457
What is the remainder when 523623 is divided by 797?
791
Calculate the remainder when 10753 is divided by 888.
97
Calculate the remainder when 149401 is divided by 112.
105
What is the remainder when 14065 is divided by 670?
665
Calculate the remainder when 211049 is divided by 210.
209
Calculate the remainder when 1042 is divided by 525.
517
What is the remainder when 198221 is divided by 6?
5
What is the remainder when 1664 is divided by 818?
28
Calculate the remainder when 75842 is divided by 159.
158
Calculate the remainder when 3589 is divided by 1056.
421
Calculate the remainder when 41164 is divided by 296.
20
Calculate the remainder when 4397 is divided by 437.
27
Calculate the remainder when 3411 is divided by 2385.
1026
Calculate the remainder when 360124 is divided by 32.
28
What is the remainder when 1285392 is divided by 18?
12
What is the remainder when 3607 is divided by 43?
38
Calculate the remainder when 97164 is divided by 17.
9
Calculate the remainder when 78981 is divided by 39485.
11
What is the remainder when 68902 is divided by 396?
394
Calculate the remainder when 34745 is divided by 8474.
849
What is the remainder when 118333 is divided by 408?
13
What is the remainder when 7205 is divided by 24?
5
Calculate the remainder when 9571 is divided by 1910.
21
Calculate the remainder when 22359 is divided by 217.
8
Calculate the remainder when 30110 is divided by 628.
594
What is the remainder when 6455 is divided by 309?
275
What is the remainder when 4617 is divided by 25?
17
Calculate the remainder when 1928972 is divided by 336.
332
What is the remainder when 84453 is divided by 73?
65
Calculate the remainder when 1020488 is divided by 9.
5
Calculate the remainder when 6521 is divided by 52.
21
Calculate the remainder when 172796 is divided by 4.
0
What is the remainder when 1632 is divided by 14?
8
Calculate the remainder when 5955445 is divided by 14.
13
What is the remainder when 1028095 is divided by 447?
442
Calculate the remainder when 243736 is divided by 666.
646
Calculate the remainder when 875 is divided by 711.
164
What is the remainder when 10792 is divided by 104?
80
What is the remainder when 10288 is divided by 3428?
4
Calculate the remainder when 4357 is divided by 145.
7
Calculate the remainder when 26395 is divided by 165.
160
Calculate the remainder when 725 is divided by 16.
5
What is the remainder when 15259 is divided by 13?
10
What is the remainder when 4018 is divided by 1298?
124
Calculate the remainder when 190 is divided by 64.
62
What is the remainder when 3445 is divided by 22?
13
Calculate the remainder when 69706 is divided by 68.
6
Calculate the remainder when 2067 is divided by 33.
21
What is the remainder when 2389329 is divided by 337?
336
Calculate the remainder when 18055 is divided by 29.
17
Calculate the remainder when 53252 is divided by 26626.
0
What is the remainder when 1550 is divided by 142?
130
What is the remainder when 8588 is divided by 802?
568
Calculate the remainder when 13951 is divided by 144.
127
What is the remainder when 18088 is divided by 203?
21
Calculate the remainder when 51701 is divided by 17230.
11
Calculate the remainder when 1350 is divided by 28.
6
Calculate the remainder when 20558 is divided by 131.
122
What is the remainder when 6463 is divided by 78?
67
What is the remainder when 207868 is divided by 615?
613
What is the remainder when 245950 is divided by 506?
34
What is the remainder when 1144732 is divided by 23?
22
What is the remainder when 29506 is divided by 205?
191
What is the remainder when 25512 is divided by 3?
0
Calculate the remainder when 5592 is divided by 5568.
24
Calculate the remainder when 41770 is divided by 131.
112
What is the remainder when 6609 is divided by 600?
9
What is the remainder when 36243 is divided by 9058?
11
Calculate the remainder when 44315 is divided by 7380.
35
What is the remainder when 166808 is divided by 14?
12
What is the remainder when 282020 is divided by 282018?
2
What is the remainder when 9442 is divided by 4558?
326
What is the remainder when 228535 is divided by 88?
87
What is the remainder when 2855847 is divided by 199?
197
What is the remainder when 10918 is divided by 144?
118
Calculate the remainder when 3425 is divided by 16